ate the remainder when n is divided by 16.
4
Let h(s) = -s**3 + 11*s**2 + 2*s - 20. Let p be h(11). Suppose 26 = p*x - 114. Calculate the remainder when x is divided by 9.
7
Suppose -54 = -16*q + 10*q. Let h(c) = -2*c**2 + 5*c + 10. Let a be h(7). Let s = a + 97. What is the remainder when s is divided by q?
8
Let l(i) be the second derivative of i**3/3 + 13*i**2/2 - 7*i. Suppose 0 = 5*c - 55 + 20. Calculate the remainder when l(6) is divided by c.
4
Let s(b) = -19*b**3 - b + 4. Let d be s(2). Let q = d + 161. What is the remainder when 16 is divided by q?
5
Let b = 188 - 174. Let i = -34 + 75. Calculate the remainder when i is divided by b.
13
Let y(h) = -111*h**2 + h + 2. Let v be y(-1). Let m = v - -121. What is the remainder when 97 is divided by m?
9
Let h(q) = -q**3 + 8*q**2 - 4*q. Suppose c + 0 = -2*z + 1, 4*z = 5*c - 61. Let n = 16 - c. What is the remainder when 83 is divided by h(n)?
20
Suppose -3*z + 135 = -3*c, 29*z - c = 30*z - 41. Calculate the remainder when 150 is divided by z.
21
Suppose o + 5 = 2*t + 21, t - 3 = 0. Suppose 0*h + 2*h = o. Suppose 19 = -w + 2*w. Calculate the remainder when w is divided by h.
8
Let d be 4*1 - (4 + -12). Suppose 0 = -17*k + d*k + 40. Calculate the remainder when k is divided by (-1)/(-2) - (-5)/2.
2
Let q(t) = t**3 + 6*t**2 + t. Suppose -u = 4 - 13. What is the remainder when q(-4) is divided by u?
1
Calculate the remainder when 132 is divided by ((-36)/10)/((-20)/50).
6
Suppose -3*f = -67 - 23. Suppose -5*i = -41 - 14. What is the remainder when f is divided by i?
8
Let r = -57 + 107. Let k(j) = 37*j + 137. Calculate the remainder when r is divided by k(-3).
24
Suppose -r + 32 = -5*i, 3*r - 2*r + 5*i - 12 = 0. Suppose 4*g = 2*g + r. What is the remainder when 39 is divided by g?
6
Suppose 0 = s - 5*b - 62, -5*s - 2*b + 364 = -0*s. Calculate the remainder when 717 is divided by s.
69
Let j(z) be the first derivative of -3/2*z**2 + z + 2 + 5/4*z**4 + 1/3*z**3. What is the remainder when j(2) is divided by 11?
6
Let g = 50 - 6. Let r = g - 25. Calculate the remainder when 36 is divided by r.
17
Let x(h) = -h**2 - 2*h + 15. Let r = 42 + -42. Calculate the remainder when x(r) is divided by 2.
1
Let y(r) = -r**3 + r**2 + 13. Suppose 3*b + 9 = 0, 3*b + 1 + 8 = -5*g. What is the remainder when 24 is divided by y(g)?
11
Let l = 15 - 14. Let i be (2 + -1)*(l - -222). Suppose 43 = -5*p + i. Calculate the remainder when p is divided by 19.
17
Suppose -1122 - 805 = -47*l. Suppose 0 = -3*v - 4*k - 0*k + 365, 4*v - 478 = -k. What is the remainder when v is divided by l?
37
Suppose 3*p + 5*l = 4*p - 23, 5*p - 3*l - 27 = 0. Let a be (p/(-6))/((-2)/16). Suppose 410 = a*g - 50. Calculate the remainder when g is divided by 39.
37
Let f(y) = -4*y + 2. Let d(j) be the first derivative of j**4/4 + 13*j**3/3 + 5*j**2 + 16*j - 24. Calculate the remainder when d(-12) is divided by f(-3).
12
Suppose 5*j - 360 = -4*m, -23 = 4*j - 23. Calculate the remainder when m is divided by 0*2/(-4) + 23.
21
Let v be -10*(-21)/66 - (-2)/(-11). Suppose -t - 2*y + 31 = -29, y = v. What is the remainder when t is divided by 14?
12
Let y = -120 + 123. Suppose b - 11 + y = 0. What is the remainder when 13 is divided by b?
5
Let m = -779 + 819. Calculate the remainder when m is divided by 18.
4
Suppose -i + 0 = -5. Let l = i + 9. What is the remainder when (-12)/((-15)/(-100)*-2) is divided by l?
12
Let c = -15 - 49. Let h = c + 86. Calculate the remainder when h is divided by 12.
10
Suppose a - 4*s = -9*s + 24, -a = -s - 6. Calculate the remainder when 36 is divided by a.
0
Let g(q) = q**3 + 2*q**2 - 11*q + 84. Calculate the remainder when g(0) is divided by 50.
34
Suppose 24 = 5*l - 111. Suppose -5*j = -10*j + 35. Suppose 0 = -j*y - 2*y + 90. What is the remainder when l is divided by y?
7
What is the remainder when 341 is divided by 6/16 - (-453)/8?
56
Suppose -2*g = 2*g - 36. Let a = 18 - -6. Calculate the remainder when a is divided by g.
6
Suppose 5*w + 671 = 16*w. Calculate the remainder when 121 is divided by w.
60
Suppose -41 = -4*c - 1. Suppose -7*t = -9*t + 48. What is the remainder when t + (3 + -12)/(-3) is divided by c?
7
Let v = -2 + 32. Suppose 4*y - 2*y - 238 = 0. Calculate the remainder when y is divided by v.
29
Let g(d) = d**3 + 6*d**2 - 3*d + 4. Let a be 8/12 + 46/(-6). Let q be g(a). Let z = q - -102. What is the remainder when z is divided by 27?
24
Let d = 270 - 235. What is the remainder when 205 is divided by d?
30
Let j(r) = 10*r**2 - 8*r + 29. Calculate the remainder when j(5) is divided by 15.
14
Let z(j) = 7*j**2 - 3*j + 45. Let y(t) = -11*t**2 + 5*t - 68. Let q(p) = 5*y(p) + 8*z(p). Calculate the remainder when q(11) is divided by 31.
28
Suppose 76 = d + 5*b, 0 = 3*d + b + 4*b - 198. What is the remainder when 240 is divided by d?
57
Suppose 25 = -l + 34. Let h = -10 + l. Calculate the remainder when 38 is divided by -1*2 - 16/h.
10
Suppose 192 = -14*c + 18*c. What is the remainder when 61 is divided by c?
13
Suppose 4*i = 4*v - 32, -10 = -v + 6*i - 4*i. What is the remainder when 18 is divided by v?
0
Let g(p) = 2*p - 20. What is the remainder when g(20) is divided by (-20)/40 + (-17)/(-2)?
4
Let x = -24 - -63. Suppose 7*o - x = -4. Let m = 24 - 2. Calculate the remainder when m is divided by o.
2
Let h(j) = j**3 + 16*j**2 - j - 13. Let l be h(-16). Suppose -2*i + 10 = l*b, -3*i = -4*b - 6*i + 13. What is the remainder when 4 is divided by b?
0
Let b(l) = l**2 - 3*l + 16. Let n be b(5). Suppose -50*y + 52*y - n = 0. Let s = 60 + -11. What is the remainder when s is divided by y?
10
Let w be (2/4)/(1/(-10)). Let h = w - -75. What is the remainder when h is divided by 24?
22
Suppose 4*f - 1377 = -4*b + 7*f, 1049 = 3*b + f. Calculate the remainder when b is divided by 39.
36
Suppose 22*y = 27*y - 635. Calculate the remainder when 402 is divided by y.
21
Let g(z) = -133*z - 135. Calculate the remainder when g(-2) is divided by 62.
7
Suppose -1091 = -14*a + 590 + 1413. Let r(n) = n**3 + 8*n**2 + 6*n + 7. Calculate the remainder when a is divided by r(-7).
11
Let y = -546 + 801. Calculate the remainder when y is divided by 43.
40
What is the remainder when (-4 + 7 - 1)/(4/178) is divided by 26?
11
What is the remainder when 155 is divided by 42*(-6 + 7 - -1)?
71
Suppose p + 3*s - 29 = -p, 4*p = -3*s + 73. What is the remainder when 216 is divided by p*10/(-15)*-3?
40
What is the remainder when ((-133)/21)/(1/(-18)) is divided by 39?
36
Let x(p) = -p**3 - 6*p**2 - 7*p - 5. Let i be x(-5). Suppose -3*c = -2*t - 52, -i*t + 2 + 4 = c. What is the remainder when 48 is divided by -10*(-4)/(c/10)?
23
Suppose 24*m - 25*m + 49 = 0. Calculate the remainder when 143 is divided by m.
45
Let w = 41 - 36. Let t(o) = 4*o**2 + o - 11. Calculate the remainder when t(w) is divided by 19.
18
Let u(w) = 6*w + 12. Suppose -11 = -5*h - o - 6, o = -3*h + 1. Calculate the remainder when u(h) is divided by (1 - -8) + 1 + -1.
6
Calculate the remainder when (22 - 108)/((-4)/6) is divided by 34.
27
Suppose 4*m - 3*a = 65, 7*m - 2*m - 3*a = 85. Suppose 36 = -i - 4*j, 4*i - 3*i + m = 4*j. Let g = i - -31. What is the remainder when 6 is divided by g?
0
Let w = 145 - 129. What is the remainder when w is divided by 9?
7
Let g(k) = k**3 - k + 11. Let o = -32 + 32. What is the remainder when g(o) is divided by 6?
5
Let m(l) be the first derivative of l**3/3 + 13*l - 10. What is the remainder when 24 is divided by m(0)?
11
Suppose 4*f - 8*i = -5*i + 1218, -3*f + 3*i + 915 = 0. What is the remainder when f is divided by 16?
15
Suppose -2*i = 2*i + 20, -5*b + 45 = 2*i. Suppose -1230 = -4*j - 26*j. What is the remainder when j is divided by b?
8
Let z(x) = x - 9. Let m be z(11). Let n(l) = m*l**2 - 3*l - l + 5*l + l**2 - 1. Calculate the remainder when 84 is divided by n(3).
26
Let q(y) = -y**3 + 10*y**2 - 5*y + 6. Suppose -36 = -4*i + m, -3*i = 4*m - 10 - 17. Calculate the remainder when q(i) is divided by 15.
12
Let b(h) = -h**2 - 12*h + 2. Let w(n) = n**2 + 3*n - 8. Let s be w(-6). Calculate the remainder when b(-7) is divided by (s - (3 + 0)) + 3.
7
Suppose 270 = 30*l - 27*l. Calculate the remainder when 114 is divided by ((-6)/(-14) - l/63) + 24.
22
Let b = 68 - 4. Let w = -140 + 162. Calculate the remainder when b is divided by w.
20
Let q =